osite number?
False
Is 61001 prime?
True
Is 37057 composite?
False
Is 116785 a prime number?
False
Is 121721 prime?
True
Is 73259 composite?
False
Is 1361 a composite number?
False
Is 6049 composite?
True
Is 3907 a prime number?
True
Is 940009 a prime number?
False
Is 33817 a composite number?
True
Is 273433 a prime number?
True
Is 68791 a composite number?
False
Is 58085 a prime number?
False
Is 2743 a composite number?
True
Is 162167 prime?
False
Is 3386 prime?
False
Is 237959 a prime number?
True
Is 9901 a prime number?
True
Is 1399 prime?
True
Is 369097 composite?
False
Is 8751659 composite?
True
Is 2153 composite?
False
Is 573 prime?
False
Is 7121 prime?
True
Is 282197 a composite number?
True
Is 150149 a prime number?
False
Is 344941 composite?
False
Is 816863 a composite number?
True
Is 20477 a prime number?
True
Is 20977 prime?
False
Is 10762 a prime number?
False
Is 353479 a composite number?
True
Is 4130833 a prime number?
False
Is 259906 a composite number?
True
Is 8039 prime?
True
Is 93689 prime?
False
Is 12587 a prime number?
False
Is 88169 a prime number?
True
Is 28173 prime?
False
Is 16963 composite?
False
Is 288635 a composite number?
True
Is 1858 a prime number?
False
Is 719653 prime?
False
Is 436399 a prime number?
True
Is 16087 a composite number?
False
Is 12499 composite?
True
Is 97 prime?
True
Is 3566 a prime number?
False
Is 4871 prime?
True
Is 18397 prime?
True
Is 795939 a prime number?
False
Is 2707 composite?
False
Is 479 a composite number?
False
Is 642749 a composite number?
True
Is 24051 composite?
True
Is 95179 prime?
False
Is 136573 a composite number?
False
Is 116719 prime?
True
Is 487 a composite number?
False
Is 24317 composite?
False
Is 348649 prime?
False
Is 5147 a composite number?
False
Is 19121 prime?
True
Is 5623 a prime number?
True
Is 397883 a composite number?
True
Is 13751 composite?
False
Is 55163 prime?
True
Is 104927 a composite number?
True
Is 3613957 a prime number?
True
Is 660659 a composite number?
False
Is 9091 prime?
True
Is 403055 prime?
False
Is 620419 a composite number?
True
Is 241993 a prime number?
True
Is 1113207 prime?
False
Is 8081 composite?
False
Is 24259 prime?
False
Is 7061 a prime number?
False
Is 289099 prime?
True
Is 3106 composite?
True
Is 64849 a composite number?
False
Is 10921 a composite number?
True
Is 169471 prime?
True
Is 303991 a composite number?
True
Is 2309 composite?
False
Is 137542 prime?
False
Is 1801 composite?
False
Is 1904338 a composite number?
True
Is 215539 prime?
False
Is 311485 prime?
False
Is 4839 composite?
True
Is 226871 a composite number?
False
Is 86882 prime?
False
Is 731803 a composite number?
False
Is 3907 prime?
True
Is 115097 a prime number?
False
Is 102385 prime?
False
Is 335999 composite?
False
Is 133491 prime?
False
Is 4339 composite?
False
Is 931781 a prime number?
True
Is 106039 a prime number?
False
Is 2767 prime?
True
Is 12989 composite?
True
Is 9974 composite?
True
Is 8135 a prime number?
False
Is 55987 a composite number?
False
Is 1143193 a composite number?
False
Is 59759 a composite number?
True
Is 1931 a prime number?
True
Is 10663 a composite number?
False
Is 27123 a prime number?
False
Is 230929 a prime number?
True
Is 11147 prime?
False
Is 996599 prime?
True
Is 170957 a composite number?
False
Is 985 a prime number?
False
Is 1179913 composite?
True
Is 2611 composite?
True
Is 10937 a composite number?
False
Is 787 a prime number?
True
Is 926 composite?
True
Is 419 a prime number?
True
Is 172613 a composite number?
True
Is 607493 prime?
True
Is 54121 prime?
True
Is 1066931 prime?
True
Is 9719 a prime number?
True
Is 190167 prime?
False
Is 5701 prime?
True
Is 80897 a prime number?
True
Is 101527 prime?
True
Is 459497 composite?
True
Is 6913 a composite number?
True
Is 33827 composite?
False
Is 116183 composite?
True
Is 19561 composite?
True
Is 3554 prime?
False
Is 11149 composite?
False
Is 1099 composite?
True
Is 542645 a prime number?
False
Is 5299 composite?
True
Is 10559 composite?
False
Is 63907 composite?
False
Is 631 prime?
True
Is 80849 prime?
True
Is 90587 a composite number?
True
Is 13751 composite?
False
Is 19531 composite?
False
Is 54737 composite?
True
Is 11611 composite?
True
Is 30757 prime?
True
Is 3793 a composite number?
False
Is 1149953 a prime number?
False
Is 35233 a prime number?
False
Is 133033 prime?
True
Is 300619 a prime number?
False
Is 47665 prime?
False
Is 16127 a prime number?
True
Is 53047 prime?
True
Is 15901 prime?
True
Is 968089 a composite number?
False
Is 12703 composite?
False
Is 11911 a prime number?
False
Is 42109 composite?
True
Is 53362 composite?
True
Is 201581 composite?
False
Is 1023941 a composite number?
False
Is 4751 a prime number?
True
Is 785011 prime?
False
Is 334 prime?
False
Is 2893 prime?
False
Is 48473 a composite number?
False
Is 38113 a prime number?
True
Is 16013 prime?
False
Is 65119 a composite number?
False
Is 18229 composite?
False
Is 20369 a composite number?
False
Is 1337 a composite number?
True
Is 6997 a composite number?
False
Is 17897 composite?
True
Is 8999 prime?
True
Is 116519 prime?
False
Is 3639 composite?
True
Is 6537 composite?
True
Is 1257427 prime?
False
Is 101653 prime?
True
Is 543959 a prime number?
False
Is 5129 a prime number?
False
Is 1193 a composite number?
False
Is 28759 a prime number?
True
Is 89329 prime?
True
Is 9871 prime?
True
Is 20021 a prime number?
True
Is 5543 a prime number?
False
Is 90061 a composite number?
True
Is 49613 a composite number?
False
Is 17637 a composite number?
True
Is 25841 a prime number?
True
Is 24754 prime?
False
Is 994193 a composite number?
False
Is 73765 composite?
True
Is 3979 prime?
False
Is 46738 a prime number?
False
Is 166193 composite?
True
Is 29929 composite?
True
Is 18881 a composite number?
True
Is 112517 a composite number?
True
Is 430633 composite?
True
Is 7427 a composite number?
True
Is 17827 a composite number?
False
Is 121343 prime?
True
Is 1382 prime?
False
Is 160903 a composite number?
False
Is 3841 a prime number?
False
Is 7393 a prime number?
True
Is 6805 composite?
True
Is 47623 composite?
False
Is 83887 prime?
False
Is 335789 a prime number?
False
Is 45367 prime?
False
Is 5773 a prime number?
False
Is 56255 prime?
False
Is 590243 composite?
False
Is 4685 composite?
True
Is 24137 composite?
False
Is 51841 prime?
False
Is 59347 a composite number?
True
Is 11989 a prime number?
False
Is 87833 prime?
True
Is 257641 composite?
True
Is 1161077 prime?
True
Is 4373 a prime number?
True
Is 141863 a prime number?
True
Is 11369 a prime number?
True
Is 163223 a prime number?
True
Is 44159 prime?
True
Is 968849 composite?
True
Is 105319 prime?
True
Is 155053 a composite number?
True
Is 30341 a prime number?
True
Is 53549 composite?
False
Is 13522 a prime number?
False
Is 25451 composite?
True
Is 228847 prime?
True
Is 20974 a composite number?
True
Is 37159 prime?
True
Is 211 composite?
False
Is 21631 prime?
False
Is 1040141 a composite number?
False
Is 21118 a composite number?
True
Is 26747 composite?
True
Is 493555 a composite number?
True
Is 21487 composite?
False
Is 15891 composite?
True
Is 3163 prime?
True
Is 1266123 a composite number?
True
Is 64261 a composite number?
True
Is 600971 a composite number?
True
Is 6879 prime?
False
Is 5297 composite?
False
Is 232303 prime?
True
Is 773317 prime?
True
Is 1019023 a prime number?
True
Is 176003 prime?
False
Is 1202939 a composite number?
False
Is 1499 a composite number?
False
Is 989 a prime number?
False
Is 35645 a composite number?
True
Is 25957 composite?
True
Is 18113 a prime number?
False
Is 412123 prime?
True
Is 5179 composite?
False
Is 13669 a composite number?
False
Is 258991 a prime number?
True
Is 55109 a composite number?
False
Is 704371 a prime number?
False
Is 751 a composite number?
False
Is 879949 composite?
True
Is 178841 prime?
False
Is 1087 a prime number?
True
Is 4727 a composite number?
True
Is 11369 prime?
True
Is 11513 a composite number?
True
Is 104921 a composite number?
True
Is 52051 a composite number?
False
Is 194471 a prime number?
True
Is 939901 composite?
False
Is 9757 prime?
False
Is 592271 a prime number?
False
Is 1135513 prime?
True
Is 502171 a composite number?
False
Is 3803 prime?
True
Is 37951 a composite number?
False
Is 